{"id":24628,"date":"2023-02-22T14:24:28","date_gmt":"2023-02-22T17:24:28","guid":{"rendered":"https:\/\/santotomas.tv\/?page_id=24628"},"modified":"2023-07-06T13:13:38","modified_gmt":"2023-07-06T16:13:38","slug":"correspondencia","status":"publish","type":"page","link":"https:\/\/santotomas.tv\/index.php\/correspondencia\/","title":{"rendered":"Correspondencia"},"content":{"rendered":"<div  class='flex_column av-vlw6d0-b5f37c902f026aca7aacdf74faaf05d7 av_one_full  avia-builder-el-0  avia-builder-el-no-sibling  first flex_column_div  '     ><p><section  class='av_textblock_section av-leivulgp-23b9d09321b81db38e53b0b65e2a57cc '   itemscope=\"itemscope\" itemtype=\"https:\/\/schema.org\/CreativeWork\" ><div class='avia_textblock'  itemprop=\"text\" ><p><strong>CORRESPONDENCIA<\/strong><\/p>\n<\/div><\/section><br \/>\n<div  class='avia-video av-leg0dr2f-20bdc34b98a5b9675848645f3bb53a0c avia-video-16-9 av-no-preview-image avia-video-load-always av-lazyload-immediate av-lazyload-video-embed'  itemprop=\"video\" itemtype=\"https:\/\/schema.org\/VideoObject\"  data-original_url='https:\/\/vimeo.com\/786097865'><script type='text\/html' class='av-video-tmpl'><div class='avia-iframe-wrap'><iframe loading=\"lazy\" title=\"Correspondencia\" src=\"https:\/\/player.vimeo.com\/video\/786097865?h=3ad2bcefd3&amp;dnt=1&amp;app_id=122963&autoplay=0&loop=0&controls=1&muted=0\" width=\"1500\" height=\"844\" frameborder=\"0\" allow=\"autoplay; fullscreen; picture-in-picture\" allowfullscreen><\/iframe><\/div><\/script><div class='av-click-to-play-overlay'><div class=\"avia_playpause_icon\"><\/div><\/div><\/div><br \/>\n<section  class='av_textblock_section av-leivvs3j-cf5a2e1e03a039369a8411737a1a1ee0 '   itemscope=\"itemscope\" itemtype=\"https:\/\/schema.org\/CreativeWork\" ><div class='avia_textblock'  itemprop=\"text\" ><p>Duraci\u00f3n: <strong>02<\/strong>min <strong>19<\/strong>seg<\/p>\n<p>Direcci\u00f3n: Alex Mill\u00e1n, Ignacio D\u00edaz<\/p>\n<\/div><\/section><\/p><\/div>\n","protected":false},"excerpt":{"rendered":"","protected":false},"author":7,"featured_media":0,"parent":0,"menu_order":0,"comment_status":"closed","ping_status":"closed","template":"","meta":{"footnotes":""},"class_list":["post-24628","page","type-page","status-publish","hentry"],"_links":{"self":[{"href":"https:\/\/santotomas.tv\/index.php\/wp-json\/wp\/v2\/pages\/24628","targetHints":{"allow":["GET"]}}],"collection":[{"href":"https:\/\/santotomas.tv\/index.php\/wp-json\/wp\/v2\/pages"}],"about":[{"href":"https:\/\/santotomas.tv\/index.php\/wp-json\/wp\/v2\/types\/page"}],"author":[{"embeddable":true,"href":"https:\/\/santotomas.tv\/index.php\/wp-json\/wp\/v2\/users\/7"}],"replies":[{"embeddable":true,"href":"https:\/\/santotomas.tv\/index.php\/wp-json\/wp\/v2\/comments?post=24628"}],"version-history":[{"count":4,"href":"https:\/\/santotomas.tv\/index.php\/wp-json\/wp\/v2\/pages\/24628\/revisions"}],"predecessor-version":[{"id":24807,"href":"https:\/\/santotomas.tv\/index.php\/wp-json\/wp\/v2\/pages\/24628\/revisions\/24807"}],"wp:attachment":[{"href":"https:\/\/santotomas.tv\/index.php\/wp-json\/wp\/v2\/media?parent=24628"}],"curies":[{"name":"wp","href":"https:\/\/api.w.org\/{rel}","templated":true}]}}